 the units digit of v?
7
Suppose -2*n = -u - 194 - 1471, 2*n - 1669 = -3*u. What is the tens digit of n?
3
Suppose -l - 2408 = -3*v - 6*l, -5*v + 5*l + 4000 = 0. What is the tens digit of v?
0
Let x = 0 - 10. Let i(k) = -3*k - 6. Let f(y) = 8*y + 18. Let d(l) = 2*f(l) + 7*i(l). What is the units digit of d(x)?
4
Let f be (-123)/(-39) - 2/13. Suppose 5 = v + f. Suppose v*y + 3*y - 40 = 0. What is the units digit of y?
8
Let f(l) = 185*l**2 - 2*l + 20. What is the units digit of f(-3)?
1
Suppose -10*z + 7*z + 96 = 0. Let c = -50 + z. What is the units digit of c + 43 - (-1 - 0)?
6
Suppose -5*v = 5*c - 17780, -4*v + 14229 = -4*c + 3*c. What is the units digit of v?
7
Let d(m) = 1402*m**2 + 6*m + 1. What is the tens digit of d(-1)?
9
Let d be (-6)/9*(3 - 6). Suppose c = d*c - 14. What is the units digit of c*(-2)/(4/(-3))?
1
Suppose 5*r - 2*k - 169 = 2236, -5*k = -4*r + 1941. Suppose -2*j = -9 - r. What is the hundreds digit of j?
2
Suppose -2*o + 432 = o. Suppose 4*u + o = 4*r, 0*r - 4*r + 2*u + 136 = 0. What is the units digit of r?
2
Let i(o) = 22*o - 29. Let h be i(3). Suppose 4*f = 20, -5*m = -2*f + 6 + 4. Suppose z - h = -m*z. What is the tens digit of z?
3
Let f(g) = g. Let d be f(4). Suppose -d*u + 9 = -5*a, -2*a - 6 = -9*u + 5*u. What is the units digit of u?
1
Let j = 331 + -157. What is the tens digit of j?
7
Let l = 481 - 248. What is the tens digit of l?
3
Let l(m) be the third derivative of 7*m**4/24 - m**3/2 + 17*m**2. Let c = -10 - -16. What is the units digit of l(c)?
9
Let y be (8340/45)/((-4)/(-6)). Let t = -79 + y. What is the units digit of t?
9
Let q(y) = y**3 - 14*y**2 + 20*y - 21. Suppose 0 = 3*i - 7*i - b + 61, 2*i - 18 = 2*b. What is the hundreds digit of q(i)?
2
Suppose 2*l - 3*k = 435, 5*l - 2*k - 1060 = -0*k. What is the tens digit of l?
1
Let h = -95 + 257. What is the hundreds digit of h?
1
Suppose 0 = -5*s + 2*r - 1115, s + 6*r - r = -196. Let v = s + 329. What is the units digit of v?
8
Let c(s) = s**2 + 12*s + 14. Let u be c(-11). Suppose -u*t = -4*t - 9. Let m(h) = h**3 + 8*h**2 - 13*h - 12. What is the units digit of m(t)?
4
Suppose 8*w - 3*w = 0. Let q(h) = w*h + 2*h - 4 + h. What is the units digit of q(10)?
6
Let q(m) = -3*m - 5. Let j be q(-3). Suppose t + 28 = c, j*c - 79 = -3*t + 12. What is the tens digit of c?
2
Let t = 801 - -935. What is the tens digit of t?
3
Let a(t) = t + 3. Let h(g) = g + 4. Let b(n) = n**2. Let q(u) = b(u) - h(u). Let z be q(-2). What is the units digit of a(z)?
5
Let x = -41 - -54. Let i(b) = b**2 - b + 21. What is the units digit of i(x)?
7
Let t(h) be the second derivative of h**5/10 + 17*h**4/6 + 17*h**2/2 - 32*h. What is the units digit of t(-17)?
7
Let b(s) = s**2 - 2*s + 4. Let r(u) = -u**2 - 4*u + 2. Let h be r(-3). Let z be b(h). Suppose z = p - 7. What is the units digit of p?
6
What is the hundreds digit of (-10527)/(-29) - 6/(-2)*1?
3
Let l(i) = 10*i**2 - 2*i + 1822. What is the hundreds digit of l(0)?
8
Let x(y) = -170*y + 785. What is the tens digit of x(-22)?
2
Suppose 0 = 8*d - 5*d - 9. Suppose -d*h + 2 = -10. What is the units digit of 4/8*h - -28?
0
Let b be (-81)/(-6)*(-1 + -1). Let k = -11 - b. Suppose 0 = 4*j + 10 + 2, -t - 5*j = -k. What is the units digit of t?
1
Suppose -65 = -2*c - 3. Suppose k - c = -6. Suppose -z + k = -6*z, 15 = 5*u - 2*z. What is the units digit of u?
1
Let t be (-172)/(-14) - (-18)/(-63). Suppose l - 3*c - 56 = -4*l, 4*c = t. What is the tens digit of l?
1
Let l = 91 - -2. What is the tens digit of l?
9
What is the tens digit of (1 + 26/(-6))*(-5760)/50?
8
Let g be (8/6)/4 + 16/6. What is the units digit of g/(-9)*0 - -155?
5
Let k be 45/12 - (-2)/8. Let v = -17 - -19. Suppose -150 = -5*x - v*q, 3*q + 16 = k*x - 127. What is the units digit of x?
2
Let p be (0 + (-7 - -4))*-1. Suppose 4*f + g - 197 = 0, -p*f + 3*g + 33 = -2*f. What is the tens digit of f?
4
Let k = 5 - 5. Suppose -i = -5*n - 179, 0 = -k*n - n + 5*i - 31. What is the units digit of 94/3 - (-12)/n?
1
What is the hundreds digit of (-11)/(44/20) + 783?
7
Suppose 3*q - 2*t + 120 = 5*q, 0 = -q - 3*t + 54. Suppose -2*a + 3*x = q, -3*a = -2*x + 5*x + 87. What is the units digit of 4/a - 1638/(-135)?
2
Suppose 64*a - 62*a = 800. What is the hundreds digit of a?
4
Suppose 6*b - 858 = 4386. What is the hundreds digit of b?
8
Let x(a) = 44*a**2 - 3*a + 11. What is the hundreds digit of x(5)?
0
Suppose -b - 242 = b. Let j = -108 - b. What is the units digit of j?
3
Suppose 4*d = -3 + 7. What is the hundreds digit of (0 - (-3 + -183))/d?
1
Let f(b) = 4*b + 8. Let t be f(-2). Suppose 5*w - 2*w - 3*x - 552 = 0, t = w - 2*x - 182. What is the hundreds digit of w?
1
Suppose -3*h - 354 = -4*h. Suppose -5*t - 261 - h = 0. What is the units digit of ((-2)/(-3))/((-2)/t)?
1
Suppose -394 = 11*y - 13*y. Let r = y + -137. What is the units digit of r?
0
Suppose -3*a - 15 = 2*a + 3*h, 15 = 5*a - 3*h. Suppose a = -2*y + y + 5, 75 = 3*z - 3*y. Suppose -f + 2*f = z. What is the units digit of f?
0
What is the thousands digit of (-4)/34 - 19042/(-17)?
1
Let n = -2170 - -3172. What is the tens digit of n?
0
Suppose 3*k = -2*i + 506, -i + 4*k = -160 - 71. What is the tens digit of i?
4
Let x be -1*(2/6 - (-78)/(-18)). Suppose -x*t + 3*q + 17 = 0, 2*q - 12 - 6 = -t. What is the units digit of t?
8
Suppose 0*v - 12 = -4*v. Let t be 24 + 1 + v + -3. What is the units digit of (-75)/t - (1 + -15)?
1
Suppose 6 = -31*w + 37*w. What is the tens digit of (-1 + 36)/w - -3?
3
Let c = 335 + -234. What is the tens digit of c?
0
Let w = 8 - 9. Let c = 15 + w. Suppose c = 3*g - 4. What is the units digit of g?
6
Let w be 2 - (-2*1 + -101). Let t = -21 - -53. Suppose -w = -5*y - 5*b, 0 = -y - 2*b - 13 + t. What is the units digit of y?
3
Let i(v) = -v**3 + 8*v**2 + 12*v - 12. Let d be i(8). Let t = d + 3. What is the units digit of t?
7
Let o be 1/(-3) + (-164)/(-6). Suppose -3*j - 12 = y + 7, -7 = j + y. Let z = o - j. What is the units digit of z?
3
Suppose 7*j - 3780 = 19173. What is the units digit of j?
9
Suppose -37 - 38 = 5*o. Let y(d) = d**3 - 4*d**2 + d - 12. Let v be y(4). Let s = v - o. What is the units digit of s?
7
Suppose -23*o - 1802 = -40*o. What is the tens digit of o?
0
Let b be 6/2*(1 + 0). Let a(g) = -b*g + 2 + 2*g + g**2 + 3*g + 0. What is the units digit of a(-6)?
6
Suppose 4*u - 4732 = 5*m + 7267, -15010 = -5*u + 4*m. What is the units digit of u?
6
Suppose m - 771 = -255. What is the tens digit of m?
1
Let o = 160 - -548. What is the hundreds digit of o?
7
What is the tens digit of -5 + (-28)/(-5) + 3914/10?
9
Let j be (1 - (-8)/(-10)) + (-129)/(-5). Suppose 24*x + 88 = j*x. What is the units digit of x?
4
Let l(o) = 37*o**3 + 3*o**2 - 2*o - 1. Let f(a) = a**3 - 8*a**2 - 22*a + 22. Let c be f(10). What is the hundreds digit of l(c)?
3
Let n(y) = 5*y**3 + y**2 + 8. Let d be n(4). What is the units digit of (d/(-12))/((-3)/9)?
6
Let b(a) = -a**3 + a + 34. Suppose -5*f - 15 = -4*u, u = -u + f + 3. Suppose -q = -u*q. What is the units digit of b(q)?
4
Suppose 0 = -5*x + 2 + 13. Suppose 205 = 2*c + x*c. Suppose -3*v + 83 + c = 4*l, 2*l - 3*v = 62. What is the tens digit of l?
3
Suppose 86*v - 24016 - 154606 = 0. What is the units digit of v?
7
Let k(d) = -3*d - 3*d**2 - 26*d**3 + 144 - 74 - 74. What is the tens digit of k(-2)?
9
Let o = 1994 - 1259. Let t = -1393 + o. What is the tens digit of (-2)/(-3) + t/(-21)?
3
Suppose -3*q = 5*q + 416. Let b be (-100)/(-3) - q/(-39). Let s = 11 + b. What is the units digit of s?
3
Let z(g) = 2*g**2 - 9*g - 19. Let c(v) = 3*v**2 + 17*v - 10. Let i be c(-6). What is the tens digit of z(i)?
4
Suppose 12*j + 8106 = 26*j. What is the tens digit of j?
7
Let c = -32 - -54. Let u = 74 - c. Suppose -b + u = b. What is the units digit of b?
6
Let d(l) = -5*l - 20. Let u be d(-5). Suppose -o + u*t + 143 = t, 0 = t + 5. What is the hundreds digit of o?
1
Suppose 16*o - 3780 - 1036 = 0. What is the tens digit of o?
0
What is the hundreds digit of (-1)/(2/(-1910)) + 5?
9
Let y(r) = -5*r**2 - 4*r**2 + 8*r**2 - r - 3. Let t be y(0). What is the tens digit of (-115)/t + 3/(-9)?
3
Let t(w) = 11 - 4*w**3 + 4*w + 9*w**2 - 2*w**3 + 5*w**3. Suppose 12*b = 87 + 21. What is the tens digit of t(b)?
4
Let k(s) = -309*s**3 - 2*s**2 - 4*s - 14. What is the tens digit of k(-2)?
